{"id":288,"date":"2025-09-29T15:46:09","date_gmt":"2025-09-29T15:46:09","guid":{"rendered":"https:\/\/blancodental.ro\/?page_id=288"},"modified":"2025-10-12T18:35:51","modified_gmt":"2025-10-12T18:35:51","slug":"about-4","status":"publish","type":"page","link":"https:\/\/blancodental.ro\/index.php\/about-4\/","title":{"rendered":"Despre noi"},"content":{"rendered":"<p>[et_pb_section fb_built=&#8221;1&#8243; admin_label=&#8221;About the Owner&#8221; _builder_version=&#8221;4.27.4&#8243; _module_preset=&#8221;default&#8221; locked=&#8221;off&#8221; collapsed=&#8221;on&#8221; global_colors_info=&#8221;{}&#8221;][et_pb_row _builder_version=&#8221;4.27.4&#8243; _module_preset=&#8221;default&#8221; global_colors_info=&#8221;{}&#8221;][et_pb_column type=&#8221;4_4&#8243; _builder_version=&#8221;4.27.4&#8243; _module_preset=&#8221;default&#8221; global_colors_info=&#8221;{}&#8221;][et_pb_accordion _builder_version=&#8221;4.27.4&#8243; _module_preset=&#8221;default&#8221; global_colors_info=&#8221;{%22gcid-primary-color%22:%91%22body_quote_text_color%22,%22quote_text_color%22,%22body_quote_text_color%22,%22quote_text_color%22,%22body_quote_text_color%22,%22quote_text_color%22,%22body_quote_text_color%22,%22quote_text_color%22,%22body_quote_text_color%22,%22quote_text_color%22,%22body_quote_text_color%22,%22quote_text_color%22,%22body_quote_text_color%22,%22quote_text_color%22,%22body_quote_text_color%22,%22quote_text_color%22,%22body_quote_text_color%22,%22quote_text_color%22,%22body_quote_text_color%22,%22quote_text_color%22,%22body_quote_text_color%22,%22quote_text_color%22,%22body_quote_text_color%22,%22quote_text_color%22,%22body_quote_text_color%22,%22quote_text_color%22,%22body_quote_text_color%22,%22quote_text_color%22,%22body_quote_text_color%22,%22quote_text_color%22,%22body_quote_text_color%22,%22quote_text_color%22,%22body_quote_text_color%22,%22quote_text_color%22%93,%22gcid-secondary-color%22:%91%22icon_color%22,%22icon_color%22,%22icon_color%22,%22icon_color%22,%22icon_color%22,%22icon_color%22,%22icon_color%22,%22icon_color%22,%22icon_color%22,%22icon_color%22,%22icon_color%22,%22icon_color%22,%22icon_color%22,%22icon_color%22,%22icon_color%22,%22icon_color%22,%22icon_color%22%93,%22gcid-heading-color%22:%91%22toggle_text_color%22,%22toggle_text_color%22,%22toggle_text_color%22,%22toggle_text_color%22,%22toggle_text_color%22,%22toggle_text_color%22,%22toggle_text_color%22,%22toggle_text_color%22,%22toggle_text_color%22,%22toggle_text_color%22,%22toggle_text_color%22,%22toggle_text_color%22,%22toggle_text_color%22,%22toggle_text_color%22,%22toggle_text_color%22,%22toggle_text_color%22,%22toggle_text_color%22%93,%22gcid-00af8519-940d-4f62-84af-484aba407c29%22:%91%22border_color_all%22,%22border_color_all%22,%22border_color_all%22,%22border_color_all%22,%22border_color_all%22,%22border_color_all%22,%22border_color_all%22,%22border_color_all%22,%22border_color_all%22,%22border_color_all%22,%22border_color_all%22,%22border_color_all%22,%22border_color_all%22,%22border_color_all%22,%22border_color_all%22,%22border_color_all%22,%22border_color_all%22%93}&#8221;][et_pb_accordion_item title=&#8221;V\u0103 invit\u0103m intr-o clinic\u0103 modern\u0103&#8221; _builder_version=&#8221;4.27.4&#8243; _module_preset=&#8221;default&#8221; global_colors_info=&#8221;{}&#8221; open=&#8221;on&#8221;]<\/p>\n<p>dotat\u0103 cu echipamente moderne si tehnologii de ultim\u0103 generatie intr-un spatiu relaxat<\/p>\n<p>[\/et_pb_accordion_item][et_pb_accordion_item title=&#8221;Suntem o echipa tanar\u0103 in dezvoltare continu\u0103 prin cursuri de supraspecializare&#8221; open=&#8221;off&#8221; _builder_version=&#8221;4.27.4&#8243; _module_preset=&#8221;default&#8221; global_colors_info=&#8221;{}&#8221;]<\/p>\n<p>\u00cempreun\u0103, form\u0103m o echip\u0103 unit\u0103 \u0219i pasionat\u0103, care \u00eembin\u0103 profesionalismul cu empatia \u0219i energia pozitiv\u0103, pentru ca fiecare pacient s\u0103 se simt\u0103 \u00een siguran\u021b\u0103 \u0219i s\u0103 plece cu z\u00e2mbetul dorit.<\/p>\n<p>[\/et_pb_accordion_item][et_pb_accordion_item title=&#8221;Credem in stomalogia modern\u0103&#8221; _builder_version=&#8221;4.27.4&#8243; _module_preset=&#8221;default&#8221; global_colors_info=&#8221;{}&#8221; open=&#8221;off&#8221;]<\/p>\n<p>cu o abordare minim invaziv\u0103, realizat\u0103 prin tehnologie \u0219i materiale biocompatibile de cea mai bun\u0103 calitate.<\/p>\n<p>[\/et_pb_accordion_item][\/et_pb_accordion][\/et_pb_column][\/et_pb_row][et_pb_row column_structure=&#8221;1_2,1_2&#8243; use_custom_gutter=&#8221;on&#8221; gutter_width=&#8221;2&#8243; make_equal=&#8221;on&#8221; _builder_version=&#8221;4.27.4&#8243; _module_preset=&#8221;default&#8221; custom_margin=&#8221;|auto|-234px|auto||&#8221; custom_padding=&#8221;||0px|||&#8221; global_colors_info=&#8221;{}&#8221;][et_pb_column type=&#8221;1_2&#8243; _builder_version=&#8221;4.27.4&#8243; _module_preset=&#8221;default&#8221; global_colors_info=&#8221;{}&#8221;][et_pb_image src=&#8221;https:\/\/blancodental.ro\/wp-content\/uploads\/2025\/09\/Elena-la-receptie-2-1.jpg&#8221; title_text=&#8221;Elena la receptie 2&#8243; _builder_version=&#8221;4.27.4&#8243; _module_preset=&#8221;c66464a9-4034-4ef0-9bd0-baf6f92ccc33&#8243; hover_enabled=&#8221;0&#8243; global_colors_info=&#8221;{}&#8221; sticky_enabled=&#8221;0&#8243;][\/et_pb_image][\/et_pb_column][et_pb_column type=&#8221;1_2&#8243; _builder_version=&#8221;4.27.4&#8243; _module_preset=&#8221;09f53498-03a9-46b4-a3ef-c830fb5aa5a0&#8243; global_colors_info=&#8221;{}&#8221;][et_pb_heading title=&#8221;Dr. Elena SEGA&#8221; _builder_version=&#8221;4.27.4&#8243; _module_preset=&#8221;754c8f08-a222-4cfd-a872-b8b671ac0305&#8243; custom_padding=&#8221;0px|||||&#8221; locked=&#8221;off&#8221; global_colors_info=&#8221;{}&#8221;][\/et_pb_heading][et_pb_heading title=&#8221;medic coordonator al clinicii&#8221; _builder_version=&#8221;4.27.4&#8243; _module_preset=&#8221;943e9cd1-e38b-4d27-9d97-a2a2660baeb1&#8243; custom_padding=&#8221;0px|||||&#8221; global_colors_info=&#8221;{}&#8221;][\/et_pb_heading][et_pb_text _builder_version=&#8221;4.27.4&#8243; _module_preset=&#8221;a961405f-56b5-4b7a-aae5-7e2a6cbac043&#8243; text_font_size=&#8221;20px&#8221; text_line_height=&#8221;1.6em&#8221; width=&#8221;100%&#8221; min_height=&#8221;100px&#8221; height=&#8221;1000px&#8221; max_height=&#8221;316px&#8221; custom_margin=&#8221;9.6%||9.6%||true|false&#8221; custom_padding=&#8221;0px|||||&#8221; locked=&#8221;off&#8221; global_colors_info=&#8221;{}&#8221;]<\/p>\n<p style=\"text-align: justify;\">Specialist chirurgie dento-alveolar\u0103, cu specializarea finalizat\u0103 \u00een cadrul Universit\u0103\u021bii de Medicin\u0103 \u0219i Farmacie \u201eCarol Davila\u201d Bucure\u0219ti.<\/p>\n<p style=\"text-align: justify;\">Implicata total in activitate pentru a reusi sa ofere un standard ridicat de calitate in serviciile de ingrijire dentara pacientilor de orice varsta.<\/p>\n<p style=\"text-align: justify;\">Imbin\u0103 pasiunea pentru chirurgia oral\u0103 cu o practic\u0103 multidisciplinar\u0103, pentru a oferi solu\u021bii sigure \u0219i personalizate.<\/p>\n<p>&nbsp;<\/p>\n<p>[\/et_pb_text][\/et_pb_column][\/et_pb_row][\/et_pb_section][et_pb_section fb_built=&#8221;1&#8243; admin_label=&#8221;Header&#8221; _builder_version=&#8221;4.27.4&#8243; _module_preset=&#8221;default&#8221; collapsed=&#8221;on&#8221; global_colors_info=&#8221;{}&#8221;][et_pb_row column_structure=&#8221;1_2,1_2&#8243; use_custom_gutter=&#8221;on&#8221; gutter_width=&#8221;2&#8243; make_equal=&#8221;on&#8221; _builder_version=&#8221;4.27.4&#8243; _module_preset=&#8221;default&#8221; custom_padding=&#8221;160px|||||&#8221; global_colors_info=&#8221;{}&#8221;][et_pb_column type=&#8221;1_2&#8243; _builder_version=&#8221;4.27.4&#8243; _module_preset=&#8221;default&#8221; global_colors_info=&#8221;{}&#8221;][et_pb_image src=&#8221;https:\/\/blancodental.ro\/wp-content\/uploads\/2025\/09\/Elena-si-Vera-2-1.jpg&#8221; title_text=&#8221;Elena si Vera 2&#8243; _builder_version=&#8221;4.27.4&#8243; _module_preset=&#8221;c66464a9-4034-4ef0-9bd0-baf6f92ccc33&#8243; custom_margin=&#8221;|115px||||&#8221; custom_padding=&#8221;|110px||||&#8221; global_colors_info=&#8221;{}&#8221;][\/et_pb_image][\/et_pb_column][et_pb_column type=&#8221;1_2&#8243; _builder_version=&#8221;4.27.4&#8243; _module_preset=&#8221;e3d95352-701f-4324-b3f7-3878676bdc20&#8243; global_colors_info=&#8221;{}&#8221;][et_pb_heading title=&#8221;Dr. Veronica NEDELCU&#8221; _builder_version=&#8221;4.27.4&#8243; _module_preset=&#8221;754c8f08-a222-4cfd-a872-b8b671ac0305&#8243; custom_margin=&#8221;||10px||false|false&#8221; global_colors_info=&#8221;{}&#8221;][\/et_pb_heading][et_pb_text _builder_version=&#8221;4.27.4&#8243; _module_preset=&#8221;a961405f-56b5-4b7a-aae5-7e2a6cbac043&#8243; global_colors_info=&#8221;{}&#8221;]<\/p>\n<h4 class=\"et_pb_module_heading et-fb-editable-element et-fb-editable-element et-fb-editable-element__editing\" data-shortcode-id=\"1.0.1.1-1759190146768\" data-quickaccess-id=\"title\" contenteditable=\"true\">medic specialist ortodont<\/h4>\n<p>[\/et_pb_text][et_pb_text _builder_version=&#8221;4.27.4&#8243; _module_preset=&#8221;a961405f-56b5-4b7a-aae5-7e2a6cbac043&#8243; text_font_size=&#8221;20px&#8221; text_line_height=&#8221;1.6em&#8221; width=&#8221;100%&#8221; min_height=&#8221;61px&#8221; height=&#8221;1000px&#8221; max_height=&#8221;316px&#8221; custom_margin=&#8221;9.6%||9.6%||true|false&#8221; custom_padding=&#8221;0px|||||&#8221; locked=&#8221;off&#8221; global_colors_info=&#8221;{}&#8221;]<\/p>\n<p style=\"text-align: justify;\">Prin implicare \u0219i rigoare in practic\u0103, aduce o viziune modern\u0103, adaptat\u0103 fiec\u0103rui caz pentru tratamente ce conduc la dinti cat mai drepti, frumos aliniati dar ce respecta bineinteles limitele biologice ale fiecarui organism.<\/p>\n<p>[\/et_pb_text][\/et_pb_column][\/et_pb_row][\/et_pb_section][et_pb_section fb_built=&#8221;1&#8243; admin_label=&#8221;Testimonials&#8221; _builder_version=&#8221;4.27.4&#8243; _module_preset=&#8221;default&#8221; locked=&#8221;off&#8221; collapsed=&#8221;on&#8221; global_colors_info=&#8221;{}&#8221;][et_pb_row _builder_version=&#8221;4.27.4&#8243; _module_preset=&#8221;9f6052f8-88c4-4425-9407-3ca977c3290f&#8221; custom_margin=&#8221;-111px|auto||auto||&#8221; global_colors_info=&#8221;{}&#8221;][et_pb_column type=&#8221;4_4&#8243; _builder_version=&#8221;4.27.4&#8243; _module_preset=&#8221;default&#8221; global_colors_info=&#8221;{}&#8221;][et_pb_heading title=&#8221;DE LA CLIENTII NOSTRI&#8221; _builder_version=&#8221;4.27.4&#8243; _module_preset=&#8221;3a6d7acc-ba7f-42fd-85cf-567b9fa1a48a&#8221; title_text_align=&#8221;center&#8221; global_colors_info=&#8221;{}&#8221;][\/et_pb_heading][et_pb_icon font_icon=&#8221;&#xf10e;||fa||900&#8243; _builder_version=&#8221;4.27.4&#8243; _module_preset=&#8221;ce18d2d6-b7ec-4f8c-a7b4-c326a12f2561&#8243; global_colors_info=&#8221;{}&#8221;][\/et_pb_icon][et_pb_slider _builder_version=&#8221;4.27.4&#8243; _module_preset=&#8221;fb15430b-3d22-4036-a366-aef44c6196a9&#8243; custom_padding=&#8221;30px||90px||false|false&#8221; auto=&#8221;on&#8221; global_colors_info=&#8221;{%22gcid-primary-color%22:%91%22button_bg_color%22,%22button_bg_color%22,%22button_bg_color%22%93,%22gcid-body-color%22:%91%22body_text_color%22,%22body_text_color%22,%22body_text_color%22%93,%22gcid-heading-color%22:%91%22header_text_color%22,%22header_text_color%22,%22header_text_color%22%93}&#8221;][et_pb_slide heading=&#8221;%22Dr. Elena si echipa ei de la Blanco Dental sunt fantastici! Desi in general am fric\u0103 de dentist, am reusit s\u0103 stau linistit pe scaun, f\u0103r\u0103 stres. In  fiecare etap\u0103 am primit informatii detaliate cu ce urmeaz\u0103 s\u0103 se intample. Nota 10! &#8221; _builder_version=&#8221;4.27.4&#8243; _module_preset=&#8221;default&#8221; global_colors_info=&#8221;{}&#8221; sticky_transition=&#8221;on&#8221;]<\/p>\n<p>\u2014 Cristi P.<\/p>\n<p>[\/et_pb_slide][et_pb_slide heading=&#8221;%22Am g\u0103sit un dentist la care pot s\u0103 merg cu incredere . Toat\u0103 echipa de la Blanco Dental este prietenoas\u0103, amabil\u0103. Le pas\u0103 cu adev\u0103rat de pacienti.%22&#8243; _builder_version=&#8221;4.27.4&#8243; _module_preset=&#8221;default&#8221; global_colors_info=&#8221;{}&#8221; sticky_transition=&#8221;on&#8221;]<\/p>\n<p>\u2014 Ioana P.<\/p>\n<p>[\/et_pb_slide][et_pb_slide heading=&#8221;%22Am avut in sfarsit o interactiune bun\u0103 cu cel mic la dentist. Cu vocea ei calm\u0103, Dr. Elena a reusit s\u0103 il fac\u0103 pe cel mic s\u0103 uite c\u0103 este pe scaun la dentist.%22&#8243; _builder_version=&#8221;4.27.4&#8243; _module_preset=&#8221;default&#8221; global_colors_info=&#8221;{}&#8221; sticky_transition=&#8221;on&#8221;]<\/p>\n<p>\u2014 Daniel D.<\/p>\n<p>[\/et_pb_slide][\/et_pb_slider][\/et_pb_column][\/et_pb_row][\/et_pb_section]<\/p>\n","protected":false},"excerpt":{"rendered":"<p>dotat\u0103 cu echipamente moderne si tehnologii de ultim\u0103 generatie intr-un spatiu relaxat\u00cempreun\u0103, form\u0103m o echip\u0103 unit\u0103 \u0219i pasionat\u0103, care \u00eembin\u0103 profesionalismul cu empatia \u0219i energia pozitiv\u0103, pentru ca fiecare pacient s\u0103 se simt\u0103 \u00een siguran\u021b\u0103 \u0219i s\u0103 plece cu z\u00e2mbetul dorit.cu o abordare minim invaziv\u0103, realizat\u0103 prin tehnologie \u0219i materiale biocompatibile de cea mai bun\u0103 [&hellip;]<\/p>\n","protected":false},"author":1,"featured_media":0,"parent":0,"menu_order":0,"comment_status":"closed","ping_status":"closed","template":"","meta":{"_et_pb_use_builder":"on","_et_pb_old_content":"","_et_gb_content_width":"","footnotes":""},"class_list":["post-288","page","type-page","status-publish","hentry"],"_links":{"self":[{"href":"https:\/\/blancodental.ro\/index.php\/wp-json\/wp\/v2\/pages\/288","targetHints":{"allow":["GET"]}}],"collection":[{"href":"https:\/\/blancodental.ro\/index.php\/wp-json\/wp\/v2\/pages"}],"about":[{"href":"https:\/\/blancodental.ro\/index.php\/wp-json\/wp\/v2\/types\/page"}],"author":[{"embeddable":true,"href":"https:\/\/blancodental.ro\/index.php\/wp-json\/wp\/v2\/users\/1"}],"replies":[{"embeddable":true,"href":"https:\/\/blancodental.ro\/index.php\/wp-json\/wp\/v2\/comments?post=288"}],"version-history":[{"count":18,"href":"https:\/\/blancodental.ro\/index.php\/wp-json\/wp\/v2\/pages\/288\/revisions"}],"predecessor-version":[{"id":543,"href":"https:\/\/blancodental.ro\/index.php\/wp-json\/wp\/v2\/pages\/288\/revisions\/543"}],"wp:attachment":[{"href":"https:\/\/blancodental.ro\/index.php\/wp-json\/wp\/v2\/media?parent=288"}],"curies":[{"name":"wp","href":"https:\/\/api.w.org\/{rel}","templated":true}]}}